0*s + 5816. What is q(-15)?
-484
Let o(t) = t**3 + 32*t**2 - 115*t + 71. Give o(3).
41
Let z(w) = -23*w**2 + 28870*w - 86403. Determine z(3).
0
Let c(n) = -19127*n + 3997571. Determine c(209).
28
Let w(h) = 5262*h - 19208. Determine w(4).
1840
Let c(g) = 121128*g + 121092. Determine c(-1).
-36
Let d(f) = -3423*f + 130052. Give d(38).
-22
Let j(g) = 34*g**2 + 207*g - 65. What is j(-9)?
826
Let o(k) = 1825*k + 12321. What is o(-7)?
-454
Let n(y) = -3*y**2 - 415*y + 2916. Give n(7).
-136
Let j(a) = -a**3 + 82*a**2 + 87*a + 1. Determine j(83).
333
Let z(l) = -394*l**2 - 3843*l + 1050. What is z(-10)?
80
Let s(w) = 2*w**2 - 3863*w - 50378. Determine s(-13).
179
Let u(i) = 2*i**3 + 207*i**2 - 97*i + 433. Determine u(-104).
-295
Let w(u) = -u**3 - 46*u**2 + 740*u + 35314. What is w(-45)?
-11
Let i(c) = c**3 - 7*c**2 - 85*c + 38. Give i(-9).
-493
Let j(h) = h**3 - 157*h**2 + 1085*h - 224. Give j(7).
21
Let z(o) = -68558*o - 30165520. Calculate z(-440).
0
Let p(v) = -2*v**2 + 719*v - 52296. What is p(101)?
-79
Let o(j) = -j**3 + 83*j**2 - 490*j - 2489. Calculate o(76).
703
Let y(l) = l**2 + 25*l - 80. What is y(-24)?
-104
Let h(q) = -21*q + 533. Give h(85).
-1252
Let d(f) = 42714*f - 384429. Give d(9).
-3
Let z(w) = 6*w**2 + 2218*w + 25173. Calculate z(-358).
113
Let q(y) = 2233*y - 24626. What is q(12)?
2170
Let c(v) = -v**3 + 19*v**2 + 212*v - 101. Determine c(27).
-209
Let q(s) = 1355238*s - 16262860. Calculate q(12).
-4
Let k(m) = 5*m**2 + 419*m - 2959. What is k(7)?
219
Let q(o) = 28197*o - 761323. Calculate q(27).
-4
Let b(l) = 23281*l - 488893. Give b(21).
8
Let b(c) = -c**2 + 11146*c - 4700381. What is b(439)?
-8
Let x(z) = 19324964*z + 115949787. Give x(-6).
3
Let g(f) = -f**3 + 35*f**2 - 327*f - 112. Give g(14).
-574
Let m(b) = 6*b**2 + 7445*b + 7445. Give m(-1).
6
Let v(q) = -6*q**2 + 1195*q - 1510. Determine v(198).
-124
Let t(c) = c**3 - 203*c**2 - 11*c + 5048. What is t(203)?
2815
Let a(n) = -2*n**2 - 13029*n - 9221700. Calculate a(-808).
4
Let n(b) = 13*b**2 - 642*b + 8279. What is n(14)?
1839
Let k(y) = -1896*y + 392764. Calculate k(207).
292
Let m(o) = 32014*o + 5378358. Give m(-168).
6
Let o(f) = -f**3 - 270*f**2 + 497*f + 61245. What is o(-271)?
-1
Let y(m) = 26901*m - 1829281. What is y(68)?
-13
Let g(d) = -12438*d + 64068. What is g(5)?
1878
Let x(r) = 2*r**2 - 109658*r - 219309. Calculate x(-2).
15
Let c(k) = -217*k**3 + 2*k**2 - k + 1. Determine c(-2).
1747
Let h(p) = 20*p**2 + 1454*p - 88031. Determine h(-112).
1
Let j(b) = -162*b - 1586. Calculate j(-21).
1816
Let a(o) = 155*o - 154. Give a(-3).
-619
Let z(c) = 1724*c**2 + 25867*c + 107. Give z(-15).
2
Let v(s) = -423*s**2 + 21150*s + 90. Determine v(50).
90
Let j(o) = 1243*o - 9454. Determine j(9).
1733
Let j(r) = -r**2 + 451*r + 893. Calculate j(-2).
-13
Let z(i) = -i**2 + 2842*i - 81435. Calculate z(29).
142
Let d(j) = 509*j + 18753. What is d(-36)?
429
Let h(c) = c**3 - 40*c**2 - 531*c - 428. Calculate h(50).
-1978
Let t(z) = -2631*z + 831411. Give t(316).
15
Let j(i) = -4*i**3 - 36*i**2 - 34*i - 8. Determine j(-8).
8
Let g(r) = -1245*r + 36099. Determine g(29).
-6
Let n(y) = 16*y**3 - 170*y**2 + 613*y - 798. Determine n(5).
17
Let o(s) = -237*s + 56168. What is o(237)?
-1
Let o(v) = 811217*v - 4867379. What is o(6)?
-77
Let d(g) = g**3 - 902*g**2 + 1864*g - 57610. Give d(900).
-10
Let i(m) = -2*m**3 + 4*m**2 + 287*m - 1140. Determine i(4).
-56
Let t(g) = -2*g**2 + 24435*g + 293528. Give t(-12).
20
Let k(u) = 31*u**3 + 76*u**2 + 45*u + 3. Calculate k(-2).
-31
Let g(a) = -2*a**2 + 178*a + 888. What is g(86)?
1404
Let j(k) = -2*k**3 + 4*k**2 - 337*k - 3543. Determine j(-10).
2227
Let t(f) = 6*f**3 + 60*f**2 - 18*f - 130. Give t(-10).
50
Let k(s) = 2597*s - 25797. Calculate k(10).
173
Let x(g) = g**3 + 59*g**2 - 115*g + 420. What is x(-61)?
-7
Let h(z) = -z**3 + 3*z**2 + 40*z + 27. What is h(-7)?
237
Let c(t) = t**3 - 110*t**2 - 1363*t + 180195. What is c(107)?
7
Let f(a) = a**2 - 167*a - 30451. Give f(-110).
19
Let r(n) = -5269*n + 79214. What is r(15)?
179
Let p(c) = 2*c**2 + 485*c - 112913. Calculate p(-388).
-5
Let v(n) = -n**3 + 15*n**2 + 104*n - 910. Determine v(18).
-10
Let n(t) = 19*t**2 + 8354*t + 24888. Give n(-3).
-3
Let i(y) = -5*y**3 - 15*y**2 + 3225*y + 328. Calculate i(24).
-32
Let i(d) = 5*d**2 - 619*d - 949. What is i(126)?
437
Let v(h) = 47415*h + 1327701. What is v(-28)?
81
Let t(o) = -475*o**2 + 76*o + 8. Determine t(-2).
-2044
Let i(l) = -552*l + 4639. Determine i(5).
1879
Let w(g) = -2*g**3 + 182*g**2 + 190*g - 662. Determine w(92).
-110
Let c(g) = -3*g**2 + 25675*g + 25678. Determine c(-1).
0
Let x(n) = -n**3 - 78*n**2 + 40*n - 2954. What is x(-79)?
127
Let m(o) = 51552*o + 309314. Determine m(-6).
2
Let w(g) = 93776*g - 1969265. What is w(21)?
31
Let j(p) = 1947*p + 27228. Give j(-14).
-30
Let q(t) = -16638*t + 16970801. Determine q(1020).
41
Let g(b) = -9255*b + 74088. What is g(8)?
48
Let v(t) = -t**3 + 88*t**2 + 310*t - 13. What is v(-4)?
219
Let z(h) = h**3 - 185*h**2 - 549*h - 3185. Calculate z(188).
-365
Let a(c) = -2*c**3 - 11*c**2 - 3*c - 142. Determine a(-7).
26
Let a(h) = 21263*h + 20348699. Give a(-957).
8
Let v(j) = -j**3 - 272*j**2 + 4008*j - 62. What is v(14)?
-6
Let s(k) = 1682*k - 878003. Calculate s(522).
1
Let v(q) = -q**3 + 17*q**2 + 328*q - 29. Calculate v(-12).
211
Let v(u) = -3*u**3 - 2661*u - 5324. Determine v(-2).
22
Let s(f) = 2*f**2 + 2310*f + 127298. Give s(-58).
46
Let p(l) = -2*l**3 + 356*l**2 + 2*l + 483. Determine p(178).
839
Let i(t) = -t**2 + 74*t + 470. Determine i(-6).
-10
Let s(z) = 63*z**2 - 128*z + 11. Give s(4).
507
Let a(t) = -2*t**2 - 8837*t + 1541053. Give a(168).
-11
Let d(p) = -5*p**2 + 468*p + 334. What is d(95)?
-331
Let n(t) = 464*t**2 + 154047*t - 332. Calculate n(-332).
0
Let p(i) = 12*i**2 - 199*i - 3266. Determine p(27).
109
Let i(a) = -33*a + 1480. What is i(24)?
688
Let j(r) = -2*r**3 - 1189*r**2 - 2795*r + 793116. Determine j(-591).
-6
Let n(p) = -98*p**2 + 15683*p - 476. Calculate n(160).
4
Let n(a) = 3113*a - 24917. Calculate n(8).
-13
Let m(p) = p**2 + 5812*p + 81145. What is m(-14)?
-27
Let a(z) = 2*z**2 - 870*z - 15474. What is a(-17)?
-106
Let b(u) = 222*u**2 - 1863*u - 1216. Give b(9).
-1
Let o(h) = -h**3 - 2*h**2 + 40*h + 568. What is o(0)?
568
Let d(w) = 5*w**3 - 6*w**2 + 615*w - 2564. Give d(4).
120
Let a(y) = y**3 - 193*y**2 + 3310*y - 766. What is a(174)?
-70
Let y(h) = -h**3 - 9*h**2 - 365*h - 3760. What is y(-10)?
-10
Let p(b) = 730770*b - 3653853. Calculate p(5).
-3
Let z(h) = -20*h**2 + 4049*h + 64591. What is z(-16)?
-5313
Let u(z) = z**3 - 3782*z**2 + 190291*z - 508. Determine u(51).
2
Let b(o) = -o**3 + o**2 - 1570*o - 3138. Give b(-2).
14
Let j(v) = -v**3 - 256*v**2 - 468*v + 10148. Give j(-254).
-12
Let g(c) = -2056*c + 6255. Give g(3).
87
Let o(p) = -60*p + 7442. Calculate o(134).
-598
Let d(s) = 15*s**2 - 305*s - 26. Determine d(0).
-26
Let k(g) = g**2 - 137970*g - 689869. Determine k(-5).
6
Let d(n) = 13*n**3 - 114*n**2 - 2*n - 9. Calculate d(6).
-1317
Let o(h) = -h**3 - 91*h**2 - 1343*h - 103710. Calculate o(-89).
-25
Let m(h) = -h**2 + 1773*h + 405376. Determine m(-205).
-114
Let w(l) = 13*l**2 - 33*l - 488. What is w(-4)?
-148
Let k(f) = -f**3 + 91*f**2 - 1379*f + 51. Determine k(19).
-158
Let s(j) = -67*j**3 + 1673*j**2 - 27*j + 1899. Give s(25).
-26
Let j(c) = 46*c**2 - 1336*c + 7562. What is j(6)?
1202
Let m(c) = 312*c**3 - 2*c**2 + 12*c + 12. Determine m(-1).
-314
Let b(m) = -429*m**2 - 149*m + 58. Give b(-2).
-1360
Let l(w) = -822*w + 415. Give l(1).
-407
Let l(w) = w**3 - 86*w**2 + 554*w + 6. Calculate l(7).
13
Let z(u) = -29*u**2 + 29327*u - 8073. Determine z(1011).
15
Let l(u) = -u**2 + 160237*u - 1121608. Calculate l(7).
2
Let l(z) = 18*z**2 - 114*z + 1627. Give l(9).
2059
Let n(r) = -r**3 + 206*r**2 + 2166*r - 1313. Determine n(216).
-17
Let s(m) = 57*m**3 - 2072*m**2 - 2061*m + 10. Calculate s(-1).
-58
Let w(f) = -4*f**2 + 640*f + 3204. What is w(-5)?
-96
Let c(p) = 530*p - 8369. What is c(16)?
111
Let s(g) = 6*g**2 + 102*g - 1814. Give s(0).
-1814
Let l(x) = x**3 - 22*x**2 + 23*x + 57. What is l(20)?
-283
Let i(b) = -2*b**2 + 641*b + 24275. Give i(-34).
169
Let y(d) = -d**3 + 38*d**2 + 1814*d + 2245. Calculate y(66).
1
Let k(f) = 6*f**3 - 2878*f**2 - 1037*f